l(f) = -f**3 + f**2 - 3*f - 1151. Let k(a) = 2*a**3 - 3*a**2 + 7*a + 2302. Let u(b) = -2*k(b) - 5*l(b). Is u(0) a prime number?
True
Suppose -3*a - 2*i = -26, i = -4*a - 2*i + 36. Is (a/2)/((-13)/(-689)) composite?
True
Is 7 + (-54 - 7)*-222 prime?
False
Let q(p) = 119*p**2 + 15*p + 63. Is q(-8) composite?
False
Let x = -176 + 84553. Is x a prime number?
True
Let p = 396 - 133. Is p composite?
False
Let w = -139 + 884. Is w a composite number?
True
Let x(q) = -9*q. Let s be x(1). Let r be 16/s - 2/9. Let y(g) = -15*g**3 + 2*g**2 + g + 1. Is y(r) composite?
False
Suppose 3*h + 1393 = 8758. Is h prime?
False
Let d(r) = r**3 + 3*r**2 + 2. Let l be d(-3). Let p(x) = 169*x - 9. Let z(s) = 56*s - 3. Let j(g) = 6*p(g) - 17*z(g). Is j(l) prime?
False
Suppose 0 = -5*n + 4*n + 2. Let m(o) = o**3 - 10*o**n + 15*o - 7 + 2*o**2 - 3*o**2. Is m(10) prime?
True
Suppose 0 = x - 3*w - 6, 4*x = -3*w - 2 - 4. Suppose -5*h + 37 = -3*t - x*t, -h = -5*t - 3. Suppose -4*g + 92 = h. Is g prime?
False
Let c = -12 - -26. Suppose c*x - 141 = 11*x. Is x a prime number?
True
Suppose 0 = -0*t + 2*t - 4*y - 26, 5*t = -5*y - 10. Is (2/t)/((-54)/(-101979)) prime?
True
Suppose 84 = 2*r + 4*a, -3*r = -6*r + 5*a + 93. Let h be (378/r)/(3/116). Suppose -5*j + 5*s + h = -404, 0 = -j + 3*s + 170. Is j a prime number?
False
Suppose 0 = -8*l + 10*l. Is l + -2 - (-211 + -2) a composite number?
False
Suppose 4*i - 2*x + 3736 = 2*x, 5*i + 4658 = -x. Is i/(-12) - (-2)/(-3) a composite number?
True
Is (3/(84/77))/((-1)/(-844)) prime?
False
Suppose -80267 = -52*s + 41*s. Is s a composite number?
False
Let w(r) = 15*r**3 + 3*r**2 - 6*r + 2. Let v be w(1). Suppose v*p - 9*p = 2*o + 8287, -p = -3*o - 1660. Is p a prime number?
True
Suppose 8*b = 11*b + 9. Let p = 142 - b. Let x = p - 36. Is x composite?
False
Suppose 348*k - 24905 = 343*k. Is k a composite number?
True
Let n(l) be the third derivative of l**6/360 - l**5/15 + l**4/6 - l**3/6 - 3*l**2. Let p(r) be the first derivative of n(r). Is p(11) prime?
True
Let i(v) be the third derivative of 19*v**4/6 + 11*v**3/2 + 48*v**2. Is i(23) a composite number?
True
Let h be (-11)/(11/(-2)) + 3 + 1. Suppose h*q - 10941 = -q. Is q prime?
False
Let x = 22 - 24. Let p(l) = l**3 + l**2 - 2*l. Let c be p(x). Is (-3 - c)*(-15 - -4) a prime number?
False
Let a be (-3678)/(-4)*8/(-6). Let s = a - -851. Is 1/(-4) - s/12 composite?
False
Let o(k) = -k**3 + 13*k**2 - 11*k - 15. Let x be (-5 + 2)/((-1)/4). Let q be o(x). Is (-358)/1*q/6 a composite number?
False
Suppose 0 = 4*b - 2*z + 435 - 1755, 1304 = 4*b + 2*z. Suppose -5*o + b = -o. Is o prime?
False
Let g = 48 + -60. Let i(a) = 3*a**2 + 10*a + 23. Is i(g) prime?
False
Let q be (-2)/(-9) + 616/63. Let s be ((-4)/6)/(q/75). Let r(w) = -w + 2. Is r(s) composite?
False
Suppose -1390 = -3*y - 496. Let d = y + 57. Is d a composite number?
True
Let n(u) = 10*u**3 + 19*u**3 - u**2 - 1 + 3*u + 22*u**3. Is n(2) a composite number?
False
Suppose -2*k + 3702 = 1192. Is k a composite number?
True
Let r = 23 - 7. Let q be (9/((-108)/40))/((-2)/3). Suppose 4*x = r, -q*k = x - 6*x - 245. Is k a composite number?
False
Suppose 4*z - w - 60946 = 2*z, -3*z = w - 91419. Is z a composite number?
True
Let y be ((-14)/21)/(2/(-1521)). Let c(q) = -2*q - 6. Let f be c(-3). Is y + f + 2 - 4 prime?
False
Let i be (1168 - 1 - 1) + 0. Suppose 3*h + 414 - 2163 = -2*x, 0 = -2*h + x + i. Is h a composite number?
True
Let o = -26128 - -41762. Is o a composite number?
True
Suppose -2*v + n = 4*n - 2, n + 22 = 5*v. Suppose -2*u - 1054 = -v*b, 4*b - 1048 = u + 3*u. Is b composite?
True
Suppose -5*k + 7*o + 3542 = 8*o, -18 = 6*o. Is k a prime number?
True
Suppose -55*i + 805084 = -752461. Is i a composite number?
False
Let f(d) = 23*d**2 + 2*d - 2. Let y be f(-2). Let m(c) = -3 + 81*c - 60*c + y*c. Is m(2) a composite number?
False
Suppose -4*s = 2*y - 17198, -s + 35*y - 39*y + 4303 = 0. Is s a prime number?
False
Let t = -540 + 1103. Is t a prime number?
True
Suppose 10 - 5 = -5*m. Is 26 - -1*1*(m - 0) a composite number?
True
Is -2 + 1645 - (108/3)/6 prime?
True
Suppose 0 = -2*p + 2*j - 6*j - 4, 20 = 2*p - 2*j. Suppose p*d = -3202 + 19444. Is d prime?
True
Let h(v) = 116*v + 41807. Is h(0) composite?
True
Suppose 3*c = -2*f + 19, 2*f - 14 - 15 = -5*c. Is (f + (-7)/3)*-2229 composite?
False
Suppose 0 = -4*q + 4, -2*b + 11648 = 3*b + 3*q. Is b composite?
True
Suppose 2*p - 19 - 6 = -3*h, 2*p - 28 = -4*h. Let t(b) = 51*b - 19. Is t(p) a prime number?
True
Suppose 42*t - 4 = 40*t. Suppose 2*k + 2*i + 18 - 242 = 0, -4*k + t*i + 454 = 0. Is k a prime number?
True
Suppose 0 = u + 4*u + x + 8, -4*x = -8. Let i be 7*(-1)/2*u. Let b(y) = 21*y - 16. Is b(i) a prime number?
True
Let x be ((-13)/(-4) - 4)*-4. Suppose 0 = -x*j - j + 4*f + 8, 2*j = 3*f + 5. Is 169/2 + j/2 composite?
True
Suppose 5*k + 59137 = 10532. Is (1 - k)*(3 - (-10)/(-4)) prime?
True
Suppose 5*i + 3*n - 5287 = 0, 0*i - i + 1071 = 4*n. Suppose 7*s = 2*s + i. Is s prime?
True
Suppose 4*o - 9 + 33 = 0. Let i(v) = -2*v**3 - 10*v**2 - 8*v - 9. Let g be i(o). Suppose -g - 4 = -b. Is b prime?
False
Suppose -2*i = 3*i - 4*a - 74, 0 = 2*i - 4*a - 32. Let u be 1/(-3) - i/21. Is (13/u)/(-5 - -4) composite?
False
Let w = 14866 - 8061. Is w prime?
False
Is 37365 - (7 + (-10)/(-10)) prime?
True
Let k = -746 + 8553. Is k a prime number?
False
Let b be 996/2 - (-25 - -20). Suppose 0 = 5*w + 5, -5*l - 5*w + 22 + b = 0. Is l a prime number?
False
Suppose -18133 = -3*z - 5*k, -6*z - 2*k = -3*z - 18136. Is z prime?
False
Suppose -11 = -h + 1. Let j = 17 - h. Suppose 245 = 3*s - 2*n, j*s + 5*n = -0*s + 375. Is s a prime number?
True
Let r be -2*(-3)/18*-3. Is 2634/3 - (-1 - (r - 1)) a prime number?
True
Let t(i) = 1670*i - 8. Let m be t(1). Let v = m - 961. Is v a prime number?
True
Suppose 30814 = 69*x - 55*x. Is x a composite number?
True
Let c = 334 + -173. Suppose -5*v - 31 = -c. Is v composite?
True
Suppose 7*a + 156169 = 4*t + 8*a, 0 = 5*t - 4*a - 195185. Is t prime?
True
Let o = -216 - -1384. Suppose 5*v - 899 = -3*x, -v = -4*x - 0*x + o. Is x prime?
True
Let y = 6 - 3. Let v(o) = -43*o - 514. Let h be v(-12). Suppose h*t - 238 = -3*t + 4*a, y*t - 3*a - 144 = 0. Is t composite?
True
Is (-30)/255 + 2/17 - -10903 composite?
False
Suppose -4*o = 8, -2*o = 4*z + 3*o - 58. Is 41*z - (4 - 8) prime?
True
Suppose -17*y = -14*y - 1914. Is y - 5*3/5 a prime number?
False
Let x be 1762/5 + (-10)/25. Suppose -7*p - x = -11*p. Let m = p + 45. Is m a composite number?
True
Let r(h) = -29*h + 384. Is r(-11) a prime number?
False
Let x(i) = 1 + 102*i**2 + 1 + 31*i**3 - 104*i**2 + 2*i. Is x(5) a composite number?
True
Suppose 3*o - 1151 = -2*j, 4*j + 0*o - 5*o - 2357 = 0. Is j a composite number?
True
Suppose 149*b = 151*b - 2*l - 245036, -2*l + 367559 = 3*b. Is b a composite number?
True
Let y = 114 + -94. Is (-36402)/y*8/12*-5 prime?
True
Let k(i) = -i**2 + 14*i + 4. Let q(z) = 3*z**2 - 28*z - 9. Let g(j) = 9*k(j) + 4*q(j). Is g(-7) a prime number?
False
Let n = 95 + -91. Suppose -2*z + n*z = 8306. Is z composite?
False
Let a = -5650 - -7943. Is a a composite number?
False
Suppose -55*s + 60*s = 21530. Is s a prime number?
False
Let u(t) = 94 - 18*t + t**3 - 117 + t - 19*t**2. Is u(20) prime?
True
Let j = 62 + -96. Suppose 341 + 1369 = 10*p. Let l = p - j. Is l prime?
False
Let v(w) = -w**3 + 11*w**2 + 2*w + 13. Let d be (25 - 3)*(-1 + 2). Suppose 22*p - 24*p + d = 0. Is v(p) a prime number?
False
Let w(j) = 54*j - 191. Is w(9) composite?
True
Let d be 22*(43*(-2)/(-4) - 1). Let t = 9 + -7. Suppose -t*j + 363 = -d. Is j a composite number?
True
Let q(r) = 327*r**2 - 3*r + 3. Is q(1) prime?
False
Is (-12)/(-144) - (-348358)/24 a composite number?
True
Let k be (-326727)/(-36)*(-2)/(-3)*4. Suppose k + 28133 = 9*n. Is n composite?
True
Let d = -12867 - -35398. Is d a prime number?
True
Let k = -13 - -23. Suppose -5*l = -0*l - k. Suppose c - 544 = b - l*b, 1067 = 2*c - 5*b. Is c a prime number?
True
Let l = 20046 - 9619. Is l composite?
False
Let w be (-65)/(-2) - 10/20. Suppose -5*z - 2*b + 1066 = 0, -2*z - 2*b = 2*z - 854. Is (88/w)/(1/z) composite?
True
Let t be ((-2)/6)/((-2)/(-42)). Let o = -2 - t. Suppose -r = o*v - 31, -r = v - 5*r - 23. Is v a composite number?
False
Let q = 113 + -5. Let l = q - -2